q**3 + q + 6. What is t(h)?
6
Let c(i) = 3 - 3*i**2 - 3 - 2*i**3 - 3 - 4*i. Suppose 0 = 3*j + g - 6, -3*g = 2*g + 15. Suppose -s + j*a = 11, -2*a + 1 = 4*s + 3. What is c(s)?
9
Let u(f) = -f**2 - f + 2. Let z(m) = 2*m**2 + 8*m + 10. Let x be z(-5). Let s be -2*42/x - 23/(-115). Calculate u(s).
-10
Let r be 4/10 - 69/(-15). Let o be r/20 + (-70)/(-8). Let l(f) = 10*f**2 - f + 5*f - 3*f**2 + f**3 + o + 4*f. What is l(-6)?
-3
Let y = -3 - -5. Let c be (3 - -6) + 0 + 40/(-10). Let r(w) = w**3 + 10*w + 3*w**y - c - 4*w - 5*w**3 + 3*w**3. Give r(4).
3
Suppose 0*d - 5*d = -c - 7, 0 = 2*c + 2*d - 22. Let v be c + -7 + 1 + 1. Let b(a) be the third derivative of -a**5/60 + a**4/8 - a**2. Calculate b(v).
0
Let t(j) = j**3 + 10*j + 6*j**2 - 13*j + 2*j. Let y be -3 - -2 - 12/(-2). Let p be (-32)/y + (-4)/(-10). Calculate t(p).
6
Let q(f) be the first derivative of 3*f**2/2 - 23*f + 245. Determine q(10).
7
Let v(d) = d**2 - d - 1. Let p(b) = -8*b**2 + 4*b + 8. Let i(k) = -4*k**2 + 2*k + 4. Let c(w) = -5*i(w) + 3*p(w). Let f(y) = c(y) + 3*v(y). Determine f(2).
-5
Let q(g) = 2*g**3 + 2*g**2 + g + 1. Let m be (-1 + 1)*5/10. Suppose 3*n - 2*n + 2 = m. Give q(n).
-9
Suppose -42 = -7*o - 0. Let l = -5 - -6. Let g(j) = -3*j + 8 - l + 2*j. What is g(o)?
1
Let v be (16/(-28))/(2/(-7)). Suppose -j - 2*k + 9 = 0, -v = -2*k + 6. Let x(q) = 1 + q**2 + 2*q**3 - 2*q**2 + 0. Determine x(j).
2
Let g = 18 - 16. Suppose z - 5 = 3*s, 3*z = 2*z + g*s + 4. Suppose -4 = 2*k + z*j + 2, -30 = 4*k - 2*j. Let a(f) = f**2 + 5*f - 3. What is a(k)?
3
Let k(w) be the third derivative of 9*w**2 + 0*w**3 + 0*w + 1/24*w**4 + 1/30*w**5 - 1/60*w**6 + 0. Suppose -2*h - h - 3 = 0. Determine k(h).
3
Let b = -86 - -94. Suppose -42*o - b = -40*o. Let i(z) = -5*z**3 + 3*z**2 - 9*z + 11. Let c(a) = -a**3 - a + 1. Let v(u) = 6*c(u) - i(u). Determine v(o).
-1
Suppose 2*a + a - 9 = 5*n, -3*n - 13 = 2*a. Let z be 6/(324/(-174)) - a/9. Let g(c) = 2*c - 4. What is g(z)?
-10
Let m(r) = -4 + 2*r + 0 + 4*r - r**2. Suppose -24*x + 129 = -6 - 9. Give m(x).
-4
Let v(b) = b + 4. Let y(s) = -9*s - 33. Let r(w) = -33*v(w) - 4*y(w). Let p(z) = -z**3 + 4*z**2 + 4*z + 11. Let u be p(5). Suppose 18 - 6 = u*j. Determine r(j).
6
Let b(t) = t**2 + 8*t + 11. Let m be b(-8). Let r(h) = -h**2 + 10*h + 10. What is r(m)?
-1
Suppose 3*r - 5*m = 29, 0 = -2*r + r + m + 7. Let v = r + 9. Let h(z) = -1 + 25*z**3 - v*z**3 - 11*z**3 - z**2 - 2*z + 0. Calculate h(-1).
-2
Let z be 0/2*(-1)/(-2). Let d(j) = z*j**2 + j**2 - 2*j**2 - 7*j - 8. Let q(y) = 2*y**2 + 16*y + 8. Let a be q(-7). Give d(a).
-2
Let h(q) = q**2 + 11*q + 15. Suppose -71*x + 87*x + 176 = 0. What is h(x)?
15
Let o(b) = -2*b. Let p(d) = -3*d. Let z(s) = 3*o(s) - 4*p(s). Let a be (-2)/(-4) - 30/20. What is z(a)?
-6
Suppose -4*z - 7*k + 3*k - 16 = 0, -3*z = -2*k + 17. Suppose 3*a = -0*a. Let r = a + z. Let s(c) = 2*c - 2. Give s(r).
-12
Let h = 5 - 3. Let w(u) = -u**2 - u + 1. Let d(q) = -q + 4 + 2*q**2 + 0*q**2 + 2*q**3 - 9*q**2. Let r(m) = d(m) - 4*w(m). Calculate r(h).
10
Let j(x) = -2*x - x + 75*x**2 - 76*x**2 + 3. Suppose -3*t - 26 = -11. Give j(t).
-7
Let c(p) be the first derivative of p**2/2 - 3*p + 116. Determine c(-7).
-10
Let i = 11 + -8. Let f(a) = -4*a + 4 + a + 0*a**2 + a**2. Let r be f(i). Let t(v) = 2*v - 2. Determine t(r).
6
Let v(w) = -2*w + 19. Let x(f) = 7*f - 307. Let b be x(45). Calculate v(b).
3
Let t(l) = -2*l**2 - 6*l + 1. Suppose 5*d = 25, f + 21 = -f + 3*d. Determine t(f).
1
Let d(g) = 2*g**2 + 4*g - 16. Let o(l) = l**2 + l + 1. Let s(c) = -d(c) + o(c). Determine s(-5).
7
Let a(x) = -x**3 - 9*x**2 + 4 - 34*x**2 - 62 + 21*x**2 - 24*x. Determine a(-21).
5
Suppose -2*r = -0 + 2. Let a(w) be the third derivative of -11*w**4/24 - 118*w**2. Give a(r).
11
Let g(t) = t**2 - 3*t + 2. Let s = 10 - 8. Suppose s*m = 2 + 4. Calculate g(m).
2
Let v(a) = a**2 + 3*a - 4. Suppose 16 = 3*u + w, 5*u = w - 2*w + 26. Let p(f) = 2*f**2 + 6*f - 9. Let h(q) = u*v(q) - 2*p(q). Determine h(-3).
-2
Let f(v) = v**3 - 7*v**2 + 5*v - 8. Let c(j) = j + 7. Let a(h) = -h - 8. Let d(p) = 5*a(p) + 6*c(p). Let z be d(4). What is f(z)?
-14
Let j(c) be the third derivative of -5*c**4/24 - c**3 + 150*c**2 - 1. What is j(-5)?
19
Let m(f) be the third derivative of -7*f**4/24 - f**3/3 + 26*f**2. Let q(i) = 6*i + 1. Let l(d) = -4*m(d) - 5*q(d). What is l(-3)?
9
Let f = -1893/2 - -947. Let y(k) be the third derivative of 1/60*k**5 + 0 - 9*k**2 - 1/8*k**4 - f*k**3 + 0*k. What is y(3)?
-3
Let q = 7 - 1. Suppose r + 0 - q = 0. Let k(l) be the first derivative of -l**2/2 + 12*l - 1. Give k(r).
6
Let c(q) = q**3 + 2*q**2 - q + 2. Let d = 3 + 5. Suppose 7*x = 5*x + d. Suppose t - h - 17 = x*h, 8 = -2*h. Calculate c(t).
-4
Let p(z) = -6*z - 6 - z + 2*z. Let u(l) = 27*l + 11. Let q(o) = 40*o + 18. Let b(m) = 5*q(m) - 7*u(m). Let a(x) = 2*b(x) + 5*p(x). What is a(-4)?
8
Let y(t) be the second derivative of 1/2*t**2 - 16*t - 1/6*t**3 + 0 + 11/12*t**4. Determine y(1).
11
Let f(a) = a + 5. Let z be -2 + 1 + (4 - 1). Suppose 5*w - 3*y + 25 = -z*y, -20 = 4*w - 3*y. Determine f(w).
0
Let c(q) be the first derivative of q**5/20 + 5*q**4/12 + q**3/3 - q**2/2 + 69*q - 8. Let g(k) be the first derivative of c(k). Let m = -8 - -3. Determine g(m).
-11
Let k(z) = z**2 + 6*z + 6. Suppose 0*a = 2*a + 8. Let y be 220/(-30) + a/(-3). What is k(y)?
6
Suppose 17 = -6*m + 2*m + i, 3*i = 5*m + 16. Let s(u) = 5*u + 21. Let t be s(m). Let k(z) = -z**3 - 2*z**2 + 5*z. Calculate k(t).
12
Let a(i) = i**3 + 6*i**2 + 7*i + 6. Suppose m + 3*v - 1 - 8 = 0, 5*v + 17 = m. Suppose -3*c - m - 2 = 2*k, -c = k + 5. Give a(c).
10
Let z be (-1)/(28/8 - 4). Let c be (-1)/(6/z + -4). Suppose 6*t + 5 = -c. Let k(s) = s**2 + s - 1. Determine k(t).
-1
Let d = -15 + 11. Let t(s) = -s + 2. Let b(n) = 2*n - 2. Let v(q) = -3*b(q) - 4*t(q). What is v(d)?
6
Let r be 1/3 - (-6)/(-18). Let u(c) = c**3 - c**2 - c + 2. Let b be u(r). Suppose z = b*o + 3 - 0, z = -3. Let x(m) = 3*m - 1. What is x(o)?
-10
Let b(k) be the third derivative of k**7/5040 + k**6/144 + k**5/60 + k**2. Let r(j) be the third derivative of b(j). Let i = -77 - -83. Calculate r(i).
11
Suppose -5*b + 5 + 2 = -2*l, -3*b + 2 = l. Let p be -7 + -3*(b - 2). Let v(q) be the first derivative of q**3/3 + 3*q**2 - q - 2. What is v(p)?
-9
Let m(f) = -2*f**3 + 8*f**2 - 14*f + 16. Let w be m(3). Let n(s) = 3*s + 24. Determine n(w).
0
Let h(y) = y**2 + 2*y. Let m be h(-2). Let x(f) = -15*f - 6*f + 26*f + 23. Let c(b) = -b - 2. Let r(n) = 6*c(n) + x(n). Calculate r(m).
11
Let b = 224 - 221. Let m(i) = i + 3. Let y(s) = -4*s - 11. Let j(d) = 22*m(d) + 6*y(d). What is j(b)?
-6
Let x(p) = -26*p + 182. Let d be x(7). Let b(w) = -w**3 - 6*w + 20. Let z(o) = o**3 + 5*o - 19. Let j(k) = -5*b(k) - 6*z(k). Calculate j(d).
14
Let o(d) = -2*d + 42. Suppose 3*v - 53 = 2*p, 48 = -14*v + 16*v + 5*p. Give o(v).
4
Let k = 39 + -33. Let p(w) = 2*w**2 - 5*w + 9. Determine p(k).
51
Let m(o) = o**3 - 7*o**2 - 6*o - 8. Let k = 679 + -671. What is m(k)?
8
Let g(d) = -3*d + 3. Suppose 0*p = 3*p + 5*s + 5, 16 = -2*p + 3*s. Determine g(p).
18
Let y be (-9)/6 - (-30)/4. Let d(l) = -9 + 0 + 5 + l - 10. What is d(y)?
-8
Let f(a) be the first derivative of a**5/120 + 7*a**3/3 + 17. Let s(v) be the third derivative of f(v). Give s(-4).
-4
Let y = 15 + -12. Suppose h - y = -0. Let z(g) = 5*g**2 - 1 - 2*g**3 + g**h - 3*g + 5 + 1. Calculate z(5).
-10
Let s be -2 + 5/5 + -4. Let w be -7*1 + (-15)/s. Let d = w - -1. Let y(g) = -g**2 - 2*g - 1. Determine y(d).
-4
Suppose -2*j - 8 = -6*j. Suppose -j*r + 8 = 2*r. Let t(v) = -3*v**2 + 2*v + r*v**2 - v**3 + 7*v**2 - 8. Give t(6).
4
Let r(s) = -s**2 + 15*s + 10. Let a be r(16). Let g(h) = -h**2 + 6. What is g(a)?
-30
Let i(k) = -6 + 0*k - 14*k**2 - 4*k + 10*k**2 + k**3. Let v(f) = -f**2 - f - 1. Let d(j) = -i(j) + 6*v(j). Calculate d(-2).
4
Let i(u) be the third derivative of u**5/60 + u**3/6 - 14*u**2. Let z(g) = 7*g**2 + 6*g - 2. Let w(x) = -6*i(x) + z(x). Determine w(-6).
-8
Let t(f) = -2*f**2 + 4*f - 2. Suppose -25*m + 127 = 77. Give t(m).
-2
Let i(v) be the second derivative of 3/2*v**2 - 2/3*v**3 + 0 + 13*v. Give i(4).
-13
Let s(r) = r**2 + 6*r + 5. Suppose y + 2*v = 27, 6*y + v = y + 108. Suppose 5*t + y = 1. Calculate s(t).
-3
Let y(k) = -2*k**2 - 11*k + 11. Let v be 